+ 66*a - 3*a**2 - 61*a. What is the tens digit of m(q)?
1
Let a(j) = -1964*j - 297. What is the units digit of a(-2)?
1
Suppose 262*h - 261*h - 592 = 0. What is the tens digit of h?
9
Suppose 2*j + 2*j = 0. Suppose -4*n + 280 - 24 = j. What is the units digit of n?
4
Let x = 107 - 71. Suppose -84 = -3*g + x. What is the units digit of g?
0
Let c(u) = 3*u**3 + 2*u**2 - 3*u + 5. What is the units digit of c(4)?
7
Suppose -4*g - 4*r = 52, 2*g = 7*g + 4*r + 62. Let f = g - -14. Let w = f + 3. What is the units digit of w?
7
Let o(q) = 2*q**2 - q - 14. Let u be o(-11). Let j = -149 + u. Suppose -2*r - 5*v + 15 = 0, -2*v + 4*v - j = -5*r. What is the units digit of r?
0
Let v = -9 + 12. Suppose 0 = -v*c + c + 200. What is the hundreds digit of c?
1
Let l(g) = g**3 + 11*g**2 - 8*g + 2. What is the units digit of l(-10)?
2
Let a(h) be the first derivative of -79*h**2 + 7*h + 10. What is the tens digit of a(-2)?
2
Suppose 5*q - 111 + 26 = 0. Let n = q + -11. Suppose -2*i + 16 - n = 0. What is the units digit of i?
5
What is the tens digit of (-10)/(-4)*(-3564)/(-15)?
9
Suppose 10*w = 8*w + 8. Suppose -z = 0, -2*t - 5 = w*z - 3. What is the units digit of ((-27 - 3) + -3)/t?
3
Suppose -2*c - 5*u = -26, 5 = -c + 4*u - 2*u. Suppose d - c*d - 4*t = 62, 5*t + 112 = -4*d. Let w = -5 - d. What is the units digit of w?
8
Suppose -2*t + 4*t = -f + 67, 0 = 2*f - 4*t - 166. Suppose 2*n = 6, -2*n = 4*s - 48 - 130. Let x = f - s. What is the units digit of x?
2
Suppose 2*k = -29 + 41. Suppose -2*m - 46 = -2*j, 115 = 5*j - k*m + 4*m. What is the units digit of j?
3
Let p = 1214 - 300. What is the units digit of p?
4
Let u = -122 + 125. Let p be (-2)/6 + (-1)/(-3). Suppose u*t + 52 = 2*y - t, p = -5*y + 3*t + 123. What is the units digit of y?
4
Let q(b) = -b + 10. Let j be q(7). Suppose -4*w = i - j + 11, -2*i = w + 2. Suppose i = -2*t - 3*r + 95, -2*t - 2*r + 112 = 16. What is the tens digit of t?
4
Let c(r) be the first derivative of r**3 + 3*r**2/2 - 7*r + 6. What is the units digit of c(4)?
3
Let x be (-29 - 1)/(3/(-15)*2). Suppose 4*c = -p + 125, -3*c = -3*p - 30 - x. What is the units digit of c?
2
Let n = -16 - -17. Let i(s) = -5*s - 7 + 2*s**2 + n + 2. What is the tens digit of i(-3)?
2
Let i be -4 + 1 - (-123 + 3). Suppose 0 = -k + i - 29. What is the tens digit of k?
8
Suppose 69*w - 81*w + 5328 = 0. What is the hundreds digit of w?
4
Suppose -5*h - 535 = -1855. What is the tens digit of h?
6
Suppose 2*h - 2*p - 66 = 758, 4*h + 3*p = 1648. Suppose -6*g + 2*g = -h. What is the tens digit of g?
0
Suppose -s + 4*m - 11 = 0, -s + 20 = -4*s - m. Let g(v) = v**2 + 2*v + 13. What is the tens digit of g(s)?
4
Let p(s) = 23*s + s**2 - 15*s + 0 - 1 - 5. What is the units digit of p(-9)?
3
Let i(x) = x**2 + 6*x + 5. Suppose -1 = -3*r - 19. Let h be i(r). Suppose 3*q - 156 = -5*s, -s - h*q + 70 = s. What is the units digit of s?
0
Suppose -3*x + 7*x = -120. Let v be (3*-1)/(x/50). Suppose -5*w = 5*t - 75, v*t - 20 = -2*w - 2. What is the units digit of w?
9
Let f = 41 + -26. Let n(y) = 3*y - f*y + 4 - 5 - 11*y. What is the tens digit of n(-1)?
2
What is the hundreds digit of (-8)/((-8)/1095)*2/5?
4
Suppose -8*t = -2433 - 12359. What is the hundreds digit of t?
8
Let w = 0 - -62. Suppose 0 = 7*t - 288 - w. What is the units digit of t?
0
Suppose 5*y = 51*y - 1564. What is the tens digit of y?
3
Let s(x) = x**3 + 7*x**2 - 9*x - 12. Let q be s(-8). What is the tens digit of 4/(q - -2) + 27?
2
What is the tens digit of 4*(-4 - (3535/(-20) + 0))?
9
Suppose 2*f - 2*m + 86 = 0, 93 - 222 = 3*f + 2*m. Let o = f + 29. Let a = -2 - o. What is the tens digit of a?
1
Suppose 3*v - 14324 = 120*o - 116*o, v - 3*o - 4768 = 0. What is the thousands digit of v?
4
Suppose 0 = 24*s - 28*s + 152. Let d(w) = w**2 - 9*w. Let f be d(5). Let b = s + f. What is the tens digit of b?
1
Let f be -6*3*3/6. Let j be (-2)/(-6)*(f + 6). What is the units digit of 1/(j + (-27)/(-26))?
6
Let l = -12 - -13. Let y = 7 - l. Suppose -2*t - 60 = -y*t. What is the tens digit of t?
1
What is the tens digit of (-2 - 6)/((16/62)/(-8))?
4
Let o = 94 - 62. Suppose 30 = h - o. What is the units digit of h?
2
Let m = 43 + -31. Suppose -n = 2*n - m. Suppose 0*a + 140 = 4*i - n*a, 2*i + 2*a = 90. What is the tens digit of i?
4
Let w(r) be the first derivative of 7 - 2*r + 11/2*r**2. What is the units digit of w(4)?
2
Suppose -5*o = -10*n + 11*n - 860, 0 = -3*n - 4*o + 2536. What is the hundreds digit of n?
8
Suppose 0 = -2*n - 0*x - 4*x + 176, n = x + 73. Let u = n + -34. What is the tens digit of u?
4
Let r(m) be the first derivative of -3 - 1/3*m**3 + 3*m - 3*m**2. What is the units digit of r(-5)?
8
Let j be 9/(32/11 - 3). Let u = -53 - j. What is the units digit of u?
6
What is the tens digit of -3 + 25 + -1 + -3 + -2?
1
Let o(n) = -3*n - 2. Let a(w) = w**2 + 7*w - 11. Let y be a(-8). Let v be o(y). Let j = v + 5. What is the units digit of j?
2
Let w(k) = -k**3 - 16*k**2 - 16*k - 10. Let j be w(-15). What is the units digit of 27/j - (-10)/(-25)?
5
What is the hundreds digit of 544/(-40)*(-825)/6?
8
Let z = -10 + 14. Suppose z*b = -2*k + 10, -2*b - b - 4*k - 5 = 0. Suppose -3*j + b*m + 74 = 0, 3*m = 7*j - 3*j - 106. What is the units digit of j?
8
Let l = -136 + 92. Suppose 3*u - 170 = -f - 3*f, -u + 5*f + 82 = 0. Let c = u + l. What is the units digit of c?
8
Let k = -16 - -62. Let m = k - 26. What is the units digit of m?
0
Let t = -24 + 558. What is the units digit of t?
4
Let v(a) = -a - 7. Let z be v(-9). Let s(h) = 2 + 2*h**z - 3*h + 0 - 1 + 3. What is the tens digit of s(5)?
3
Let t(l) = -69*l**3 - 3*l**2 + 21*l + 89. What is the thousands digit of t(-4)?
4
Let m be (-6)/33*(-14 + 3). Suppose 0 = -0*y - 3*y - 5*u + 24, -u = 0. Suppose -y*p + 174 = -m*p. What is the tens digit of p?
2
What is the hundreds digit of (-3)/(-6) - 4902/(-12)?
4
Suppose -16*v = -17*v + 646. What is the hundreds digit of v?
6
Suppose 1071 = 2*g - 4*t + 7*t, -2*t = g - 534. What is the units digit of g?
0
Let a(y) = y**2 + 8*y + 12. Let l be a(-6). Let u(c) = c**2 + c + 2. What is the units digit of u(l)?
2
Let d(u) = -5*u + 26. Let w be d(-25). Let h = -14 + w. What is the units digit of h?
7
Let r(j) = j - 7. Let f be r(5). Let n = f + 0. What is the units digit of 3/(3/n) + 16?
4
Suppose 0 = -11*o + o + 4980. What is the tens digit of o?
9
Let o(s) = 36*s**2 + 63*s - 67. What is the thousands digit of o(-9)?
2
Let m be 15/5 + -2 + 3. Let p = -3 - -6. Suppose l + 6*z - 5*z = 30, p*l + m*z = 91. What is the tens digit of l?
2
Let c = -144 + 158. What is the tens digit of c?
1
Let m = 18 + -15. Suppose -8*f + 9*f - m = 0. Suppose f*u = 57 + 6. What is the tens digit of u?
2
Suppose b = 6*b - 55. Let f(y) = -y**2 + 18*y + 10. What is the units digit of f(b)?
7
Let f(d) = 6*d - 7. Let m be (4 - 0)*1/(-2)*-4. What is the tens digit of f(m)?
4
Let t(v) = v**3 - 7*v**2. Let y be t(7). Let z be 80 - (y/(-1))/(-5). What is the tens digit of -6*z/(-36)*3?
4
Suppose 0 = 32*z - 12*z - 23260. What is the tens digit of z?
6
Let h = -14 - -9. Let m be (38/(-3))/(4/(-18)). Let w = h + m. What is the tens digit of w?
5
Suppose -1245 = -262*y + 259*y. What is the hundreds digit of y?
4
Let u = -1863 - -2615. What is the units digit of u?
2
Suppose q - 3 = 5*c - 0*c, 4*c - 9 = -3*q. Suppose q*z = 119 + 28. What is the tens digit of z?
4
Let x be (-1 + 2 - -1) + 0. Let a = 6 + x. Suppose 4*p = a, c - 2*p - 24 = -p. What is the units digit of c?
6
Let f(q) be the second derivative of -7*q**3/6 - 29*q**2/2 - q. What is the tens digit of f(-13)?
6
Suppose 4*c - 7*f + 2*f - 49 = 0, 2*c + f - 7 = 0. Suppose 0 = 2*y - c*y + 24. What is the units digit of 27/(-2)*y/(-9)?
9
Suppose 3*a - a - 10 = 0, 0 = 5*d - 3*a + 30. What is the hundreds digit of (0 + (-1)/d)/((-14)/(-9954))?
2
Let z(q) = -7*q - 12. Let v be z(-5). Let h = v - 22. What is the tens digit of (3 + h)/4*22?
2
Let x(c) = 24*c**2 + 28*c - 9. What is the tens digit of x(-7)?
7
Let a = -319 + 603. Suppose 0 = 4*i - a - 56. Suppose 5*u - i = 5*m, 2*u + 3*m - 47 + 3 = 0. What is the tens digit of u?
1
Let z be 0/(-1 + -2 + 5). Let w(u) = -u**3 + u**2 + 27. Let a be w(z). Let x = 50 - a. What is the tens digit of x?
2
Let j = 428 - -25. What is the tens digit of j?
5
Suppose 44*c - 30287 = 13*